{"id":747,"date":"2022-06-09T17:42:56","date_gmt":"2022-06-09T15:42:56","guid":{"rendered":"https:\/\/emprende.inteccauned.es\/wordpress\/?page_id=747"},"modified":"2022-06-09T18:24:41","modified_gmt":"2022-06-09T16:24:41","slug":"pasos-a-seguir-para-la-sociedad-civil","status":"publish","type":"page","link":"https:\/\/emprendeuned.uned.es\/wordpress\/pasos-a-seguir-para-la-sociedad-civil\/","title":{"rendered":"Pasos a seguir para la Sociedad Civil"},"content":{"rendered":"\t\t<div data-elementor-type=\"wp-page\" data-elementor-id=\"747\" class=\"elementor elementor-747\">\n\t\t\t\t\t\t\t\t\t<section class=\"elementor-section elementor-top-section elementor-element elementor-element-6d2d22b elementor-section-boxed elementor-section-height-default elementor-section-height-default\" data-id=\"6d2d22b\" data-element_type=\"section\">\n\t\t\t\t\t\t<div class=\"elementor-container elementor-column-gap-default\">\n\t\t\t\t\t<div class=\"elementor-column elementor-col-100 elementor-top-column elementor-element elementor-element-09d639e\" data-id=\"09d639e\" data-element_type=\"column\">\n\t\t\t<div class=\"elementor-widget-wrap elementor-element-populated\">\n\t\t\t\t\t\t\t\t<div class=\"elementor-element elementor-element-ac25a09 elementor-widget elementor-widget-text-editor\" data-id=\"ac25a09\" data-element_type=\"widget\" data-widget_type=\"text-editor.default\">\n\t\t\t\t<div class=\"elementor-widget-container\">\n\t\t\t<style>\/*! elementor - v3.7.8 - 02-10-2022 *\/\n.elementor-widget-text-editor.elementor-drop-cap-view-stacked .elementor-drop-cap{background-color:#818a91;color:#fff}.elementor-widget-text-editor.elementor-drop-cap-view-framed .elementor-drop-cap{color:#818a91;border:3px solid;background-color:transparent}.elementor-widget-text-editor:not(.elementor-drop-cap-view-default) .elementor-drop-cap{margin-top:8px}.elementor-widget-text-editor:not(.elementor-drop-cap-view-default) .elementor-drop-cap-letter{width:1em;height:1em}.elementor-widget-text-editor .elementor-drop-cap{float:left;text-align:center;line-height:1;font-size:50px}.elementor-widget-text-editor .elementor-drop-cap-letter{display:inline-block}<\/style>\t\t\t\t<p>Toda la informaci\u00f3n en la <a href=\"http:\/\/www.ipyme.org\/es-ES\/DecisionEmprender\/FormasJuridicas\/Paginas\/FormasJuridicas-Descripcion.aspx?cod=SCI&amp;nombre=Sociedad%20Civil&amp;idioma=es-ES\">p\u00e1gina del Ministerio de Industria, Comercio y Turismo<\/a><\/p>\t\t\t\t\t\t<\/div>\n\t\t\t\t<\/div>\n\t\t\t\t\t<\/div>\n\t\t<\/div>\n\t\t\t\t\t\t\t<\/div>\n\t\t<\/section>\n\t\t\t\t<section class=\"elementor-section elementor-top-section elementor-element elementor-element-98efa4b elementor-section-boxed elementor-section-height-default elementor-section-height-default\" data-id=\"98efa4b\" data-element_type=\"section\">\n\t\t\t\t\t\t<div class=\"elementor-container elementor-column-gap-default\">\n\t\t\t\t\t<div class=\"elementor-column elementor-col-100 elementor-top-column elementor-element elementor-element-5c2fefc\" data-id=\"5c2fefc\" data-element_type=\"column\">\n\t\t\t<div class=\"elementor-widget-wrap elementor-element-populated\">\n\t\t\t\t\t\t\t\t<div class=\"elementor-element elementor-element-6055dbc elementor-widget elementor-widget-text-editor\" data-id=\"6055dbc\" data-element_type=\"widget\" data-widget_type=\"text-editor.default\">\n\t\t\t\t<div class=\"elementor-widget-container\">\n\t\t\t\t\t\t\t<p><b>Proceso de Constituci\u00f3n:&nbsp;<\/b><\/p>\n<ul id=\"Tramites\">\n<li><span class=\"org\">Tr\u00e1mite privado:<\/span> <span id=\"ctl00_PlaceHolderMain_formulario_TabContainer1_TabPanel1_rptListadotramites_ctl00_noenlace\">Todos los socios firmaran un contrato privado en el que se detalle la naturaleza de las aportaciones y porcentaje de participaci\u00f3n que cada socio tiene en las p\u00e9rdidas y ganancias de la Sociedad civil<\/span> &nbsp;<\/li>\n<li><span class=\"org\">Agencia Tributaria (AEAT):<\/span> <a id=\"ctl00_PlaceHolderMain_formulario_TabContainer1_TabPanel1_rptListadotramites_ctl01_lnkTramite\"><\/a>N\u00famero de identificaci\u00f3n fiscal&nbsp;<\/li>\n<li><span class=\"org\">Notario:<\/span> <a id=\"ctl00_PlaceHolderMain_formulario_TabContainer1_TabPanel1_rptListadotramites_ctl02_lnkTramite\"><\/a>Escritura p\u00fablica&nbsp; <span class=\"Label1\">(en el caso de aportaci\u00f3n de bienes inmuebles o derechos reales).<\/span><\/li>\n<li><span class=\"org\">Consejer\u00edas de Hacienda de las CC.AA.:<\/span> <a id=\"ctl00_PlaceHolderMain_formulario_TabContainer1_TabPanel1_rptListadotramites_ctl03_lnkTramite\"><\/a>Impuesto sobre transmisiones patrimoniales y actos jur\u00eddicos documentados&nbsp;<\/li>\n<\/ul>\t\t\t\t\t\t<\/div>\n\t\t\t\t<\/div>\n\t\t\t\t\t<\/div>\n\t\t<\/div>\n\t\t\t\t\t\t\t<\/div>\n\t\t<\/section>\n\t\t\t\t<section class=\"elementor-section elementor-top-section elementor-element elementor-element-e6ff392 elementor-section-boxed elementor-section-height-default elementor-section-height-default\" data-id=\"e6ff392\" data-element_type=\"section\">\n\t\t\t\t\t\t<div class=\"elementor-container elementor-column-gap-default\">\n\t\t\t\t\t<div class=\"elementor-column elementor-col-100 elementor-top-column elementor-element elementor-element-00569ef\" data-id=\"00569ef\" data-element_type=\"column\">\n\t\t\t<div class=\"elementor-widget-wrap elementor-element-populated\">\n\t\t\t\t\t\t\t\t<div class=\"elementor-element elementor-element-be03503 elementor-widget elementor-widget-text-editor\" data-id=\"be03503\" data-element_type=\"widget\" data-widget_type=\"text-editor.default\">\n\t\t\t\t<div class=\"elementor-widget-container\">\n\t\t\t\t\t\t\t<p><strong>Puesta en marcha:<br \/><\/strong><br \/><span id=\"ctl00_PlaceHolderMain_formulario_TabContainer1_TabPanel2_rptListadoPuestaEnMarcha_ctl00_tipoTramite\" class=\"tituloforma-esp\">Tr\u00e1mites generales<\/span><\/p><ul><li style=\"list-style-type: none;\"><ul><li><span class=\"org\">Agencia Tributaria (AEAT)<\/span>: <a id=\"ctl00_PlaceHolderMain_formulario_TabContainer1_TabPanel2_rptListadoPuestaEnMarcha_ctl00_lnkTramitePuMarcha\"><\/a>Alta en el Censo de empresarios, profesionales y retenedores<\/li><li><span class=\"org\">Agencia Tributaria (AEAT)<\/span>: <a id=\"ctl00_PlaceHolderMain_formulario_TabContainer1_TabPanel2_rptListadoPuestaEnMarcha_ctl01_lnkTramitePuMarcha\"><\/a>Impuesto sobre Actividades Econ\u00f3micas<span class=\"Label1\"> (exentas las empresas de nueva creaci\u00f3n durante los dos primeros ejercicios) y presentaci\u00f3n del contrato privado si la participaci\u00f3n de los socios en la Sociedad no es igualitaria<\/span><\/li><li><span class=\"org\">Tesorer\u00eda General de la Seguridad Social<\/span>: <a id=\"ctl00_PlaceHolderMain_formulario_TabContainer1_TabPanel2_rptListadoPuestaEnMarcha_ctl02_lnkTramitePuMarcha\"><\/a>Alta de los socios y administradores en los reg\u00edmenes de la Seguridad Social<\/li><li><span class=\"org\">Registro Mercantil Provincial<\/span>: <a id=\"ctl00_PlaceHolderMain_formulario_TabContainer1_TabPanel2_rptListadoPuestaEnMarcha_ctl03_lnkTramitePuMarcha\"><\/a>Legalizaci\u00f3n del Libro Diario y del Libro de Inventarios y Cuentas Anuales<\/li><li><span class=\"org\">Autoridades de certificaci\u00f3n<\/span>: <a id=\"ctl00_PlaceHolderMain_formulario_TabContainer1_TabPanel2_rptListadoPuestaEnMarcha_ctl04_lnkTramitePuMarcha\"><\/a>Obtenci\u00f3n de un certificado electr\u00f3nico<\/li><\/ul><\/li><\/ul><p><span class=\"tituloforma-esp\">\u00a0<\/span><\/p><p><span id=\"ctl00_PlaceHolderMain_formulario_TabContainer1_TabPanel2_rptListadoPuestaEnMarcha_ctl05_tipoTramite\" class=\"tituloforma-esp\">Tr\u00e1mites seg\u00fan la actividad<\/span><\/p><ul><li style=\"list-style-type: none;\"><ul><li><span class=\"org\">Ayuntamientos<\/span>: <a id=\"ctl00_PlaceHolderMain_formulario_TabContainer1_TabPanel2_rptListadoPuestaEnMarcha_ctl05_lnkTramitePuMarcha\"><\/a>Licencia de actividad<\/li><li><span class=\"org\">Otros organismos oficiales y\/o registros<\/span>: <a id=\"ctl00_PlaceHolderMain_formulario_TabContainer1_TabPanel2_rptListadoPuestaEnMarcha_ctl06_lnkTramitePuMarcha\"><\/a>Inscripci\u00f3n en otros organismos oficiales y\/o registros<\/li><\/ul><\/li><\/ul><p><span class=\"tituloforma-esp\">\u00a0<\/span><\/p><p><span id=\"ctl00_PlaceHolderMain_formulario_TabContainer1_TabPanel2_rptListadoPuestaEnMarcha_ctl07_tipoTramite\" class=\"tituloforma-esp\">Tr\u00e1mites en caso de contratar trabajadores<\/span><\/p><ul><li style=\"list-style-type: none;\"><ul><li><span class=\"org\">Tesorer\u00eda General de la Seguridad Social<\/span>: <a id=\"ctl00_PlaceHolderMain_formulario_TabContainer1_TabPanel2_rptListadoPuestaEnMarcha_ctl07_lnkTramitePuMarcha\"><\/a>Inscripci\u00f3n de la empresa<\/li><li><span class=\"org\">Tesorer\u00eda General de la Seguridad Social<\/span>: <a id=\"ctl00_PlaceHolderMain_formulario_TabContainer1_TabPanel2_rptListadoPuestaEnMarcha_ctl08_lnkTramitePuMarcha\"><\/a>Afiliaci\u00f3n de trabajadores<span class=\"Label1\"> (en el supuesto de que no est\u00e9n afiliados)<\/span><\/li><li><span class=\"org\">Tesorer\u00eda General de la Seguridad Social<\/span>: <a id=\"ctl00_PlaceHolderMain_formulario_TabContainer1_TabPanel2_rptListadoPuestaEnMarcha_ctl09_lnkTramitePuMarcha\"><\/a>Alta de los trabajadores en el R\u00e9gimen de la Seguridad Social<\/li><li><span class=\"org\">Servicio P\u00fablico de Empleo Estatal<\/span>: <a id=\"ctl00_PlaceHolderMain_formulario_TabContainer1_TabPanel2_rptListadoPuestaEnMarcha_ctl10_lnkTramitePuMarcha\"><\/a>Alta de los contratos de trabajo<\/li><li><span class=\"org\">Consejer\u00eda de Trabajo de la Comunidad Aut\u00f3noma<\/span>: <a id=\"ctl00_PlaceHolderMain_formulario_TabContainer1_TabPanel2_rptListadoPuestaEnMarcha_ctl11_lnkTramitePuMarcha\"><\/a>Comunicaci\u00f3n de apertura del centro de trabajo<\/li><li><span class=\"org\">Inspecci\u00f3n Provincial de Trabajo<\/span>: <a id=\"ctl00_PlaceHolderMain_formulario_TabContainer1_TabPanel2_rptListadoPuestaEnMarcha_ctl12_lnkTramitePuMarcha\"><\/a>Obtenci\u00f3n del calendario laboral<\/li><\/ul><\/li><\/ul><p><span class=\"tituloforma-esp\">\u00a0<\/span><\/p><p><span id=\"ctl00_PlaceHolderMain_formulario_TabContainer1_TabPanel2_rptListadoPuestaEnMarcha_ctl13_tipoTramite\" class=\"tituloforma-esp\">Tr\u00e1mites complementarios<\/span><\/p><ul id=\"PuestaEnMarcha\"><li><span class=\"org\">Oficina Espa\u00f1ola de Patentes y Marcas<\/span>: <a id=\"ctl00_PlaceHolderMain_formulario_TabContainer1_TabPanel2_rptListadoPuestaEnMarcha_ctl13_lnkTramitePuMarcha\"><\/a>Registro de signos distintivos<\/li><\/ul>\t\t\t\t\t\t<\/div>\n\t\t\t\t<\/div>\n\t\t\t\t\t<\/div>\n\t\t<\/div>\n\t\t\t\t\t\t\t<\/div>\n\t\t<\/section>\n\t\t\t\t<section class=\"elementor-section elementor-top-section elementor-element elementor-element-a5b06cd elementor-section-boxed elementor-section-height-default elementor-section-height-default\" data-id=\"a5b06cd\" data-element_type=\"section\">\n\t\t\t\t\t\t<div class=\"elementor-container elementor-column-gap-default\">\n\t\t\t\t\t<div class=\"elementor-column elementor-col-100 elementor-top-column elementor-element elementor-element-fc68e8a\" data-id=\"fc68e8a\" data-element_type=\"column\">\n\t\t\t<div class=\"elementor-widget-wrap elementor-element-populated\">\n\t\t\t\t\t\t\t\t<div class=\"elementor-element elementor-element-a7d7c70 elementor-widget elementor-widget-text-editor\" data-id=\"a7d7c70\" data-element_type=\"widget\" data-widget_type=\"text-editor.default\">\n\t\t\t\t<div class=\"elementor-widget-container\">\n\t\t\t\t\t\t\t<p><strong>Creaci\u00f3n Telem\u00e1tica:<\/strong><\/p><p><strong>AVISO: la tramitaci\u00f3n telem\u00e1tica de esta forma jur\u00eddica, por el momento, est\u00e1 disponible s\u00f3lo en algunas Comunidades Aut\u00f3nomas.<\/strong><\/p><p>La <a title=\"Nueva ventana. Creaci\u00f3n de empresas por Internet\" href=\"https:\/\/paeelectronico.es\/es-es\/Servicios\/Paginas\/Creacion-y-cese-de-empresas.aspx\" target=\"_blank\" rel=\"noopener\">creaci\u00f3n de empresas por Internet<\/a> (CIRCE) es un sistema que ofrece la posibilidad de realizar los tr\u00e1mites de constituci\u00f3n y puesta en marcha de la Sociedad Civil por medios telem\u00e1ticos. De esta forma se evitan desplazamientos y se produce un ahorro sustancial en tiempo y costes.<\/p><p>Para crear una empresa por internet, los emprendedores acudiendo a un <a title=\"Nueva ventana. Buscador de los Puntos de Atenci\u00f3n al Emprendedor\" href=\"https:\/\/paeelectronico.es\/es-es\/Servicios\/Paginas\/BuscadorPAE.aspx\" target=\"_blank\" rel=\"noopener\">Punto de Atenci\u00f3n al Emprendedor (PAE)<\/a> deber\u00e1n cumplimentar el Documento \u00danico Electr\u00f3nico (DUE) (<a title=\"ver v\u00eddeos explicativos de cada apartado del DUE\" href=\"https:\/\/paeelectronico.es\/es-es\/CanalPAE\/VideosTutoriales\/Paginas\/Cursos-online.aspx\" target=\"_blank\" rel=\"noopener\">ver v\u00eddeos explicativos de cada apartado del DUE<\/a>).<\/p><p>Con el env\u00edo a trav\u00e9s de internet del DUE cumplimentado, se inicia la tramitaci\u00f3n telem\u00e1tica. A partir de este momento el sistema de tramitaci\u00f3n telem\u00e1tica (STT-CIRCE) env\u00eda a cada organismo interviniente en el proceso la parte del DUE que le corresponde para que realice el tr\u00e1mite de su competencia.<\/p><p>El sistema, tambi\u00e9n, permite consultar, a trav\u00e9s de Internet y previa autenticaci\u00f3n, el estado del expediente: <a title=\"Nueva ventana. Consulta de expedientes\" href=\"https:\/\/paeelectronico.circe.es\/Account\/LoginConsultaExpediente\" target=\"_blank\" rel=\"noopener\">acceso a la consulta de expedientes<\/a>.<\/p><p>Adem\u00e1s, se pueden recibir mensajes en el tel\u00e9fono m\u00f3vil comunicando la finalizaci\u00f3n de los tr\u00e1mites m\u00e1s significativos.<\/p><p><strong>IMPORTANTE<\/strong>: Como emprendedor o empresario, en el caso de creaci\u00f3n o cese de una empresa, le informamos que tiene <strong>la obligaci\u00f3n de revisar y firmar el DUE antes de enviarlo<\/strong>, para ello le recomendamos que solicite al PAE una copia impresa del DUE-pdf asociado a su expediente. Este documento contiene toda la informaci\u00f3n que ha sido cumplimentada a trav\u00e9s del PAE Electr\u00f3nico, y le facilitar\u00e1 la labor de verificar que dicha informaci\u00f3n est\u00e1 completa y es correcta. As\u00ed mismo, le aconsejamos que guarde la copia del DUE-pdf correspondiente al DUE enviado por si surgiese alg\u00fan problema posterior en el proceso de tramitaci\u00f3n.\u00a0<\/p><p class=\"tituloforma-esp\">TR\u00c1MITES PREVIOS<\/p><p>Antes de cumplimentar el Documento \u00danico Electr\u00f3nico (DUE), los emprendedores deber\u00e1n realizar la siguiente actuaci\u00f3n:<\/p><ul><li>Todos los socios firmar\u00e1n un contrato privado en el que se detalle la naturaleza de las aportaciones y porcentaje de participaci\u00f3n que cada socio tiene en las p\u00e9rdidas y ganancias de la Sociedad Civil (La Sociedad se constituir\u00e1 mediante escritura p\u00fablica cuando se aporten bienes inmuebles o derechos reales).<\/li><\/ul><p class=\"tituloforma-esp\">\u00a0<\/p><p class=\"tituloforma-esp\">CUMPLIMENTACI\u00d3N DEL DUE<\/p><p>Una vez llevada a cabo la actuaci\u00f3n indicada se deber\u00e1 cumplimentar y enviar el DUE.<\/p><p>En el caso especial de que la Sociedad a constituir fuera a desarrollar una actividad encuadrada en el R\u00e9gimen Especial de Trabajadores del Mar, el STT-CIRCE contrastar\u00e1 con la Direcci\u00f3n General de Marina Mercante los datos correspondientes a la embarcaci\u00f3n elegida como Centro de Trabajo, y con la Secretar\u00eda General de Pesca los datos de la Licencia de Pesca.<\/p>\t\t\t\t\t\t<\/div>\n\t\t\t\t<\/div>\n\t\t\t\t\t<\/div>\n\t\t<\/div>\n\t\t\t\t\t\t\t<\/div>\n\t\t<\/section>\n\t\t\t\t<section class=\"elementor-section elementor-top-section elementor-element elementor-element-c4f560e elementor-section-boxed elementor-section-height-default elementor-section-height-default\" data-id=\"c4f560e\" data-element_type=\"section\">\n\t\t\t\t\t\t<div class=\"elementor-container elementor-column-gap-default\">\n\t\t\t\t\t<div class=\"elementor-column elementor-col-100 elementor-top-column elementor-element elementor-element-d71c93a\" data-id=\"d71c93a\" data-element_type=\"column\">\n\t\t\t<div class=\"elementor-widget-wrap elementor-element-populated\">\n\t\t\t\t\t\t\t\t<div class=\"elementor-element elementor-element-43be0aa elementor-widget elementor-widget-text-editor\" data-id=\"43be0aa\" data-element_type=\"widget\" data-widget_type=\"text-editor.default\">\n\t\t\t\t<div class=\"elementor-widget-container\">\n\t\t\t\t\t\t\t<p><strong>Pasos que realiza el sistema telem\u00e1tico de creaci\u00f3n de empresas, sin intervenci\u00f3n del emprendedor, una vez cumplimentado el DUE:<\/strong><\/p><div class=\"AcFormasJuridicas ui-accordion ui-widget ui-helper-reset\" role=\"tablist\"><p id=\"ui-id-1\" class=\"item ui-accordion-header ui-corner-top ui-state-default ui-accordion-icons ui-accordion-header-collapsed ui-corner-all\" tabindex=\"-1\" role=\"tab\" aria-controls=\"ui-id-2\" aria-selected=\"false\" aria-expanded=\"false\">Solicitud del NIF provisional<\/p><p id=\"ui-id-3\" class=\"item ui-accordion-header ui-corner-top ui-state-default ui-accordion-icons ui-accordion-header-collapsed ui-corner-all\" tabindex=\"-1\" role=\"tab\" aria-controls=\"ui-id-4\" aria-selected=\"false\" aria-expanded=\"false\">Alta de los socios y alta de la Sociedad en el Censo de empresarios<\/p><p id=\"ui-id-5\" class=\"item ui-accordion-header ui-corner-top ui-state-default ui-accordion-icons ui-accordion-header-collapsed ui-corner-all\" tabindex=\"0\" role=\"tab\" aria-controls=\"ui-id-6\" aria-selected=\"false\" aria-expanded=\"false\">Tr\u00e1mites en la Seguridad Social<\/p><p id=\"ui-id-7\" class=\"item ui-accordion-header ui-corner-top ui-accordion-header-collapsed ui-corner-all ui-state-default ui-accordion-icons\" tabindex=\"-1\" role=\"tab\" aria-controls=\"ui-id-8\" aria-selected=\"false\" aria-expanded=\"false\">Solicitud del NIF definitivo<\/p><p id=\"ui-id-9\" class=\"item ui-accordion-header ui-corner-top ui-accordion-header-collapsed ui-corner-all ui-state-default ui-accordion-icons\" tabindex=\"-1\" role=\"tab\" aria-controls=\"ui-id-10\" aria-selected=\"false\" aria-expanded=\"false\">Comunicaci\u00f3n del inicio de actividad a la Agencia Tributaria<\/p><\/div>\t\t\t\t\t\t<\/div>\n\t\t\t\t<\/div>\n\t\t\t\t\t<\/div>\n\t\t<\/div>\n\t\t\t\t\t\t\t<\/div>\n\t\t<\/section>\n\t\t\t\t<section class=\"elementor-section elementor-top-section elementor-element elementor-element-dd90f44 elementor-section-boxed elementor-section-height-default elementor-section-height-default\" data-id=\"dd90f44\" data-element_type=\"section\">\n\t\t\t\t\t\t<div class=\"elementor-container elementor-column-gap-default\">\n\t\t\t\t\t<div class=\"elementor-column elementor-col-100 elementor-top-column elementor-element elementor-element-cd6148d\" data-id=\"cd6148d\" data-element_type=\"column\">\n\t\t\t<div class=\"elementor-widget-wrap elementor-element-populated\">\n\t\t\t\t\t\t\t\t<div class=\"elementor-element elementor-element-581457d elementor-widget elementor-widget-text-editor\" data-id=\"581457d\" data-element_type=\"widget\" data-widget_type=\"text-editor.default\">\n\t\t\t\t<div class=\"elementor-widget-container\">\n\t\t\t\t\t\t\t<p class=\"tituloforma-esp\"><b>TR\u00c1MITES COMPLEMENTARIOS<\/b><\/p>\n<p>Tr\u00e1mites complementarios que se pueden realizar a trav\u00e9s de la cumplimentaci\u00f3n del DUE.<\/p>\n<div class=\"AcFormasJuridicas ui-accordion ui-widget ui-helper-reset\" role=\"tablist\">\n<p id=\"ui-id-11\" class=\"item ui-accordion-header ui-corner-top ui-accordion-header-collapsed ui-corner-all ui-state-default ui-accordion-icons\" tabindex=\"0\" role=\"tab\" aria-controls=\"ui-id-12\" aria-selected=\"false\" aria-expanded=\"false\">Solicitud de Licencias en el Ayuntamiento<\/p>\n<p id=\"ui-id-13\" class=\"item ui-accordion-header ui-corner-top ui-accordion-header-collapsed ui-corner-all ui-state-default ui-accordion-icons\" tabindex=\"-1\" role=\"tab\" aria-controls=\"ui-id-14\" aria-selected=\"false\" aria-expanded=\"false\">Solicitud de reserva de Marca o Nombre Comercial en la Oficina Espa\u00f1ola de Patentes y Marcas (OEPM)<\/p>\n<p id=\"ui-id-15\" class=\"item ui-accordion-header ui-corner-top ui-accordion-header-collapsed ui-corner-all ui-state-default ui-accordion-icons\" tabindex=\"-1\" role=\"tab\" aria-controls=\"ui-id-16\" aria-selected=\"false\" aria-expanded=\"false\">Comunicaci\u00f3n de los contratos de trabajo al Servicio P\u00fablico de Empleo Estatal<\/p>\n<\/div>\t\t\t\t\t\t<\/div>\n\t\t\t\t<\/div>\n\t\t\t\t\t<\/div>\n\t\t<\/div>\n\t\t\t\t\t\t\t<\/div>\n\t\t<\/section>\n\t\t\t\t<section class=\"elementor-section elementor-top-section elementor-element elementor-element-68aca81 elementor-section-boxed elementor-section-height-default elementor-section-height-default\" data-id=\"68aca81\" data-element_type=\"section\">\n\t\t\t\t\t\t<div class=\"elementor-container elementor-column-gap-default\">\n\t\t\t\t\t<div class=\"elementor-column elementor-col-100 elementor-top-column elementor-element elementor-element-04fb0e4\" data-id=\"04fb0e4\" data-element_type=\"column\">\n\t\t\t<div class=\"elementor-widget-wrap elementor-element-populated\">\n\t\t\t\t\t\t\t\t<div class=\"elementor-element elementor-element-4c47b01 elementor-widget elementor-widget-text-editor\" data-id=\"4c47b01\" data-element_type=\"widget\" data-widget_type=\"text-editor.default\">\n\t\t\t\t<div class=\"elementor-widget-container\">\n\t\t\t\t\t\t\t<p class=\"tituloforma-esp\"><strong>TR<\/strong><b>AMITES NO INCLUIDOS EN EL SISTEMA<\/b><\/p>\n<p>Existen una serie de tr\u00e1mites necesarios para constituir la Sociedad Civil que todav\u00eda no est\u00e1n cubiertos por CIRCE. Entre ellos:<\/p>\n<ul>\n<li>La comunicaci\u00f3n de la apertura del Centro de Trabajo (tr\u00e1mite incluido en el procedimiento telem\u00e1tico \u00fanicamente en la Regi\u00f3n de Murcia y la Comunidad de Madrid), en caso de tener contratados trabajadores<\/li><\/ul><div><br><\/div><ul>\n<li>La obtenci\u00f3n y legalizaci\u00f3n de los libros.<\/li><\/ul><div><br><\/div><ul>\n<li>Inscripci\u00f3n, en su caso, en otros organismos oficiales y\/o registros.<\/li>\n<\/ul>\t\t\t\t\t\t<\/div>\n\t\t\t\t<\/div>\n\t\t\t\t\t<\/div>\n\t\t<\/div>\n\t\t\t\t\t\t\t<\/div>\n\t\t<\/section>\n\t\t\t\t<section class=\"elementor-section elementor-top-section elementor-element elementor-element-a65b26f elementor-section-boxed elementor-section-height-default elementor-section-height-default\" data-id=\"a65b26f\" data-element_type=\"section\">\n\t\t\t\t\t\t<div class=\"elementor-container elementor-column-gap-default\">\n\t\t\t\t\t<div class=\"elementor-column elementor-col-100 elementor-top-column elementor-element elementor-element-da156a8\" data-id=\"da156a8\" data-element_type=\"column\">\n\t\t\t<div class=\"elementor-widget-wrap elementor-element-populated\">\n\t\t\t\t\t\t\t\t<div class=\"elementor-element elementor-element-f7900a9 elementor-widget elementor-widget-text-editor\" data-id=\"f7900a9\" data-element_type=\"widget\" data-widget_type=\"text-editor.default\">\n\t\t\t\t<div class=\"elementor-widget-container\">\n\t\t\t\t\t\t\t<p><a id=\"documentacion\" class=\"sinsub\"><\/a><strong>DOCUMENTACI\u00d3N E INFORMACI\u00d3N PARA CUMPLIMENTAR EL DUE<br \/><br \/>Documentaci\u00f3n a adjuntar al DUE:<\/strong><\/p><ul><li>Contrato privado en el que se detalle la naturaleza de las aportaciones y porcentaje de participaci\u00f3n que cada socio tiene en las p\u00e9rdidas y ganancias de la Sociedad.<\/li><\/ul><p><strong>Documentaci\u00f3n a aportar al PAE:<\/strong><\/p><ul><li>Documentaci\u00f3n referida a los socios:<ul><li>Original y fotocopia del DNI de todos ellos.<\/li><li>Original y fotocopia de la Tarjeta de la Seguridad Social de los socios que se den de alta en alg\u00fan r\u00e9gimen de la SS (u otro documento que acredite el n\u00famero de afiliaci\u00f3n a la misma).<\/li><\/ul><\/li><li>Los trabajadores por cuenta ajena (si los hubiera):<ul><li>Original y fotocopia del DNI de todos ellos.<\/li><li>Original y fotocopia de la Tarjeta de la Seguridad Social (u otro documento que acredite el n\u00famero de afiliaci\u00f3n a la misma).<\/li><li>Contrato o acuerdo de contrataci\u00f3n o autorizaci\u00f3n para cursar el alta en la Seguridad Social.<\/li><\/ul><\/li><li>Extranjeros: NIE Comunitario o NIE y permiso de residencia y trabajo por cuenta propia.<\/li><li>Socios extranjeros capitalistas (sin residencia ni actividad en la empresa) tienen que aportar el NIE por asuntos econ\u00f3micos.<\/li><li>Socios casados: DNI o NIE del c\u00f3nyuge.<\/li><\/ul><p><strong>Informaci\u00f3n:<br \/><\/strong><\/p><p>Aparte de esta documentaci\u00f3n, los emprendedores deber\u00e1n disponer de los siguientes datos:<\/p><ul><li>Ep\u00edgrafe AE (Actividades Econ\u00f3micas).<\/li><li>C\u00f3digo de actividad seg\u00fan la Clasificaci\u00f3n Nacional de Actividades Econ\u00f3micas (CNAE).<\/li><li>Datos del domicilio de la empresa y de la actividad empresarial (incluido: metros cuadrados del lugar de la actividad, c\u00f3digo postal y tel\u00e9fono).<\/li><li>Porcentajes de participaci\u00f3n en el capital social, tipo de aportaci\u00f3n (dineraria o no dineraria).<\/li><li>Para adscripci\u00f3n al R\u00e9gimen Especial de Trabajadores Aut\u00f3nomos: base de cotizaci\u00f3n elegida, Mutua de IT (incapacidad temporal) y si se optar\u00e1 a la cobertura por accidente de trabajo y enfermedad profesional (AT-EP).<\/li><li>Socios casados: r\u00e9gimen del matrimonio.<\/li><\/ul><p>En el aspecto econ\u00f3mico:<\/p><ul><li>Para adscripci\u00f3n al R\u00e9gimen Especial de Trabajadores Aut\u00f3nomos: deber\u00e1n aportar un n\u00famero de cuenta bancaria para realizar la domiciliaci\u00f3n de la cuota del RETA (el obligado al pago no tiene por qu\u00e9 coincidir con el titular de la cuenta).<\/li><\/ul><p><strong>\u00a0<\/strong><\/p><p><strong>\u00a0<\/strong><\/p>\t\t\t\t\t\t<\/div>\n\t\t\t\t<\/div>\n\t\t\t\t\t<\/div>\n\t\t<\/div>\n\t\t\t\t\t\t\t<\/div>\n\t\t<\/section>\n\t\t\t\t\t\t\t<\/div>\n\t\t","protected":false},"excerpt":{"rendered":"<p>Toda la informaci\u00f3n en la p\u00e1gina del Ministerio de Industria, Comercio y Turismo Proceso de Constituci\u00f3n:&nbsp; Tr\u00e1mite privado: Todos los socios firmaran un contrato privado en el que se detalle la naturaleza de las aportaciones y porcentaje de participaci\u00f3n que cada socio tiene en las p\u00e9rdidas y ganancias de la Sociedad civil &nbsp; Agencia Tributaria [&hellip;]<\/p>\n","protected":false},"author":9,"featured_media":0,"parent":0,"menu_order":0,"comment_status":"closed","ping_status":"closed","template":"","meta":[],"_links":{"self":[{"href":"https:\/\/emprendeuned.uned.es\/wordpress\/wp-json\/wp\/v2\/pages\/747"}],"collection":[{"href":"https:\/\/emprendeuned.uned.es\/wordpress\/wp-json\/wp\/v2\/pages"}],"about":[{"href":"https:\/\/emprendeuned.uned.es\/wordpress\/wp-json\/wp\/v2\/types\/page"}],"author":[{"embeddable":true,"href":"https:\/\/emprendeuned.uned.es\/wordpress\/wp-json\/wp\/v2\/users\/9"}],"replies":[{"embeddable":true,"href":"https:\/\/emprendeuned.uned.es\/wordpress\/wp-json\/wp\/v2\/comments?post=747"}],"version-history":[{"count":40,"href":"https:\/\/emprendeuned.uned.es\/wordpress\/wp-json\/wp\/v2\/pages\/747\/revisions"}],"predecessor-version":[{"id":807,"href":"https:\/\/emprendeuned.uned.es\/wordpress\/wp-json\/wp\/v2\/pages\/747\/revisions\/807"}],"wp:attachment":[{"href":"https:\/\/emprendeuned.uned.es\/wordpress\/wp-json\/wp\/v2\/media?parent=747"}],"curies":[{"name":"wp","href":"https:\/\/api.w.org\/{rel}","templated":true}]}}