{"id":419,"date":"2022-06-08T17:26:58","date_gmt":"2022-06-08T15:26:58","guid":{"rendered":"https:\/\/emprende.inteccauned.es\/wordpress\/?page_id=419"},"modified":"2022-06-08T17:26:58","modified_gmt":"2022-06-08T15:26:58","slug":"sociedad-anonima","status":"publish","type":"page","link":"https:\/\/emprendeuned.uned.es\/wordpress\/sociedad-anonima\/","title":{"rendered":"Sociedad Anonima"},"content":{"rendered":"\n<p class=\"has-medium-font-size\">Descripci\u00f3n<\/p>\n\n\n\n<p>Sociedad de car\u00e1cter mercantil en la cual el capital social, dividido en acciones, est\u00e1 integrado por las aportaciones de los socios, los cuales no responden personalmente de las deudas sociales.<br><br>N\u00famero de socios: M\u00ednimo 1<br>Responsabilidad: Limitada al capital aportado<br>M\u00ednimo 60.000 \u20ac<br>Fiscalidad: Impuesto sobre Sociedades<br><br><\/p>\n\n\n\n<p>Caracter\u00edsticas<\/p>\n\n\n\n<ul><li>Constituci\u00f3n formalizada mediante escritura p\u00fablica y posterior inscripci\u00f3n en el Registro Mercantil.&nbsp;<\/li><li>En la denominaci\u00f3n deber\u00e1 figurar necesariamente la expresi\u00f3n \u00abSociedad An\u00f3nima\u00bb o su abreviatura \u00abS.A.\u00bb.&nbsp;<\/li><li>Tienen que llevar un Libro de inventarios y Cuentas anuales, un Diario (registro diario de las operaciones) y un Libro de actas que recoger\u00e1 todos los acuerdos tomados por las Juntas Generales y Especiales y los dem\u00e1s \u00f3rganos colegiados de la sociedad.<\/li><li>Tambi\u00e9n llevar\u00e1 un Libro-registro de acciones nominativas, en el que se har\u00e1n constar las sucesivas transferencias de las acciones, as\u00ed como la constituci\u00f3n de derechos reales y otros grav\u00e1menes sobre aquellas. La sociedad solo reputar\u00e1 accionista a quien se halle inscrito en dicho libro.<br><br><br>Toda la informaci\u00f3n <a href=\"http:\/\/www.ipyme.org\/es-ES\/DecisionEmprender\/FormasJuridicas\/Paginas\/FormasJuridicas-Descripcion.aspx?cod=SA&amp;nombre=Sociedad%20An\u00f3nima&amp;idioma=es-ES#d3\" data-type=\"URL\" data-id=\"http:\/\/www.ipyme.org\/es-ES\/DecisionEmprender\/FormasJuridicas\/Paginas\/FormasJuridicas-Descripcion.aspx?cod=SA&amp;nombre=Sociedad%20An\u00f3nima&amp;idioma=es-ES#d3\" target=\"_blank\" rel=\"noreferrer noopener\">aqu\u00ed<\/a><\/li><\/ul>\n","protected":false},"excerpt":{"rendered":"<p>Descripci\u00f3n Sociedad de car\u00e1cter mercantil en la cual el capital social, dividido en acciones, est\u00e1 integrado por las aportaciones de los socios, los cuales no responden personalmente de las deudas sociales. N\u00famero de socios: M\u00ednimo 1Responsabilidad: Limitada al capital aportadoM\u00ednimo 60.000 \u20acFiscalidad: Impuesto sobre Sociedades Caracter\u00edsticas Constituci\u00f3n formalizada mediante escritura p\u00fablica y posterior inscripci\u00f3n en [&hellip;]<\/p>\n","protected":false},"author":9,"featured_media":0,"parent":0,"menu_order":0,"comment_status":"closed","ping_status":"closed","template":"","meta":[],"_links":{"self":[{"href":"https:\/\/emprendeuned.uned.es\/wordpress\/wp-json\/wp\/v2\/pages\/419"}],"collection":[{"href":"https:\/\/emprendeuned.uned.es\/wordpress\/wp-json\/wp\/v2\/pages"}],"about":[{"href":"https:\/\/emprendeuned.uned.es\/wordpress\/wp-json\/wp\/v2\/types\/page"}],"author":[{"embeddable":true,"href":"https:\/\/emprendeuned.uned.es\/wordpress\/wp-json\/wp\/v2\/users\/9"}],"replies":[{"embeddable":true,"href":"https:\/\/emprendeuned.uned.es\/wordpress\/wp-json\/wp\/v2\/comments?post=419"}],"version-history":[{"count":2,"href":"https:\/\/emprendeuned.uned.es\/wordpress\/wp-json\/wp\/v2\/pages\/419\/revisions"}],"predecessor-version":[{"id":579,"href":"https:\/\/emprendeuned.uned.es\/wordpress\/wp-json\/wp\/v2\/pages\/419\/revisions\/579"}],"wp:attachment":[{"href":"https:\/\/emprendeuned.uned.es\/wordpress\/wp-json\/wp\/v2\/media?parent=419"}],"curies":[{"name":"wp","href":"https:\/\/api.w.org\/{rel}","templated":true}]}}